{"id":244,"date":"2024-04-09T12:00:27","date_gmt":"2024-04-09T10:00:27","guid":{"rendered":"https:\/\/autoecole-defontaine.fr\/?page_id=244"},"modified":"2025-05-30T08:29:23","modified_gmt":"2025-05-30T06:29:23","slug":"conduite-accompagnees-aac","status":"publish","type":"page","link":"https:\/\/autoecole-defontaine.fr\/index.php\/conduite-accompagnees-aac\/","title":{"rendered":"Conduite accompagn\u00e9es (AAC)"},"content":{"rendered":"\n<h2 class=\"wp-block-heading has-text-align-center\">Conduite accompagn\u00e9es (AAC)<\/h2>\n\n\n\n<div class=\"wp-block-columns alignfull are-vertically-aligned-center has-background is-layout-flex wp-container-core-columns-is-layout-e793c14b wp-block-columns-is-layout-flex\" style=\"background:linear-gradient(135deg,rgb(212,100,43) 0%,rgb(203,34,41) 100%);margin-top:0;margin-bottom:0;padding-top:var(--wp--preset--spacing--50);padding-right:var(--wp--preset--spacing--60);padding-bottom:var(--wp--preset--spacing--50);padding-left:var(--wp--preset--spacing--60)\">\n<div class=\"wp-block-column is-vertically-aligned-center is-layout-flow wp-block-column-is-layout-flow\">\n<figure class=\"wp-block-image aligncenter size-full is-resized\"><img loading=\"lazy\" decoding=\"async\" width=\"200\" height=\"200\" src=\"http:\/\/autoecole-defontaine.fr\/wp-content\/uploads\/2024\/04\/Logo_conduite_accompagnee-Blanc-1.png\" alt=\"\" class=\"wp-image-247\" style=\"box-shadow:none;width:136px;height:auto\" srcset=\"https:\/\/autoecole-defontaine.fr\/wp-content\/uploads\/2024\/04\/Logo_conduite_accompagnee-Blanc-1.png 200w, https:\/\/autoecole-defontaine.fr\/wp-content\/uploads\/2024\/04\/Logo_conduite_accompagnee-Blanc-1-150x150.png 150w\" sizes=\"auto, (max-width: 200px) 100vw, 200px\" \/><\/figure>\n<\/div>\n<\/div>\n\n\n\n<div class=\"wp-block-columns is-layout-flex wp-container-core-columns-is-layout-60cbf9bb wp-block-columns-is-layout-flex\" style=\"margin-top:50px\">\n<div class=\"wp-block-column is-vertically-aligned-center has-background is-layout-flow wp-container-core-column-is-layout-25b5a5e0 wp-block-column-is-layout-flow\" style=\"border-style:none;border-width:0px;background-color:#f4f4f4;padding-top:var(--wp--preset--spacing--20);padding-right:var(--wp--preset--spacing--40);padding-bottom:var(--wp--preset--spacing--20);padding-left:var(--wp--preset--spacing--40);box-shadow:var(--wp--preset--shadow--natural)\">\n<h3 class=\"wp-block-heading has-text-align-center has-black-color has-text-color has-link-color wp-elements-abfbb1aec2ffdf7cefd257d0c11d9c8f\" style=\"margin-top:16px\">Tarif formation compl\u00e9te conduite accompagn\u00e9e<\/h3>\n\n\n\n<h2 class=\"wp-block-heading has-text-align-center has-ast-global-color-7-color has-text-color has-link-color wp-elements-7ffc6f5d35095f62dc8353cabbb0e1c2\" style=\"margin-top:16px\">\u00e0 partir de 1 652\u20ac<\/h2>\n\n\n\n<p class=\"has-text-align-center\"><em>Payable en plusieurs fois<\/em><\/p>\n\n\n\n<div style=\"height:15px\" aria-hidden=\"true\" class=\"wp-block-spacer\"><\/div>\n<\/div>\n\n\n\n<div class=\"wp-block-column is-vertically-aligned-center is-layout-flow wp-container-core-column-is-layout-6b73ce23 wp-block-column-is-layout-flow\" style=\"box-shadow:none\">\n<p class=\"has-text-align-center\">Le\u00e7on d&rsquo;\u00e9valuation: 49\u20ac<br>Pochette p\u00e9dagogique: 45\u20ac<br>Le\u00e7on de conduite: 49\u20ac<br>Rendez-vous pr\u00e9alable AFI: 48\u20ac x 2h<br>2&#215;2 Rendez vous p\u00e9dagogique: 200\u20ac (50\/heure)<\/p>\n<\/div>\n<\/div>\n\n\n\n<hr class=\"wp-block-separator has-text-color has-ast-global-color-4-color has-alpha-channel-opacity has-ast-global-color-4-background-color has-background is-style-wide\"\/>\n\n\n\n<figure class=\"wp-block-image aligncenter size-full is-resized\"><img loading=\"lazy\" decoding=\"async\" width=\"500\" height=\"440\" src=\"http:\/\/autoecole-defontaine.fr\/wp-content\/uploads\/2024\/04\/deroule-AAC-1.png\" alt=\"\" class=\"wp-image-252\" style=\"box-shadow:none;width:126px;height:auto\" srcset=\"https:\/\/autoecole-defontaine.fr\/wp-content\/uploads\/2024\/04\/deroule-AAC-1.png 500w, https:\/\/autoecole-defontaine.fr\/wp-content\/uploads\/2024\/04\/deroule-AAC-1-300x264.png 300w\" sizes=\"auto, (max-width: 500px) 100vw, 500px\" \/><\/figure>\n\n\n\n<h3 class=\"wp-block-heading has-text-align-center\">EXAMEN DU CODE LA ROUTE<\/h3>\n\n\n\n<p class=\"has-text-align-center\">Nous proposons deux formules flexibles, adapt\u00e9es \u00e0 vos besoins et \u00e0 votre emploi du temps pour passer l&rsquo;examen du code de la route<\/p>\n\n\n\n<div class=\"wp-block-columns are-vertically-aligned-top is-layout-flex wp-container-core-columns-is-layout-28f84493 wp-block-columns-is-layout-flex\">\n<div class=\"wp-block-column is-vertically-aligned-top is-layout-flow wp-block-column-is-layout-flow\">\n<h4 class=\"wp-block-heading has-text-align-center\">CODE en salle<\/h4>\n\n\n\n<p class=\"has-text-align-center\">Rejoignez-nous dans un environnement propice \u00e0 l&rsquo;apprentissage, o\u00f9 nos instructeurs exp\u00e9riment\u00e9s vous guident \u00e0 travers les principes et les r\u00e8gles essentiels de la s\u00e9curit\u00e9 routi\u00e8re.<\/p>\n\n\n\n<div style=\"height:10px\" aria-hidden=\"true\" class=\"wp-block-spacer\"><\/div>\n\n\n\n<div class=\"wp-block-buttons is-content-justification-center is-layout-flex wp-container-core-buttons-is-layout-a89b3969 wp-block-buttons-is-layout-flex\">\n<div class=\"wp-block-button\"><a class=\"wp-block-button__link wp-element-button\">330\u20ac<\/a><\/div>\n<\/div>\n\n\n\n<p class=\"has-text-align-center\"><em>Frais de dossier administratif: 230\u20ac<br>Illimit\u00e9 en salle pendant 1 an: 100\u20ac<br><strong>+ Code en ligne offert<\/strong><\/em><\/p>\n<\/div>\n\n\n\n<div class=\"wp-block-column is-vertically-aligned-top is-layout-flow wp-block-column-is-layout-flow\">\n<h4 class=\"wp-block-heading has-text-align-center\">CODE en ligne<\/h4>\n\n\n\n<p class=\"has-text-align-center\">Avec des le\u00e7ons interactives, des tests de pratique et des simulations d&rsquo;examen, notre application est con\u00e7ue pour vous pr\u00e9parer de mani\u00e8re efficace et interactive \u00e0 r\u00e9ussir votre examen du code de la route.<\/p>\n\n\n\n<div class=\"wp-block-buttons is-content-justification-center is-layout-flex wp-container-core-buttons-is-layout-a89b3969 wp-block-buttons-is-layout-flex\">\n<div class=\"wp-block-button\"><a class=\"wp-block-button__link wp-element-button\">280\u20ac<\/a><\/div>\n<\/div>\n\n\n\n<p class=\"has-text-align-center\"><em>Frais de dossier administratif: 230\u20ac<br>Code en ligne (Environ 163 s\u00e9ries en ligne): 50\u20ac<\/em><\/p>\n<\/div>\n<\/div>\n\n\n\n<hr class=\"wp-block-separator has-text-color has-ast-global-color-4-color has-alpha-channel-opacity has-ast-global-color-4-background-color has-background is-style-wide\"\/>\n\n\n\n<figure class=\"wp-block-image aligncenter size-full is-resized\"><img loading=\"lazy\" decoding=\"async\" width=\"500\" height=\"440\" src=\"https:\/\/autoecole-defontaine.fr\/wp-content\/uploads\/2024\/04\/deroule-AAC-3.png\" alt=\"\" class=\"wp-image-256\" style=\"box-shadow:none;width:126px\" srcset=\"https:\/\/autoecole-defontaine.fr\/wp-content\/uploads\/2024\/04\/deroule-AAC-3.png 500w, https:\/\/autoecole-defontaine.fr\/wp-content\/uploads\/2024\/04\/deroule-AAC-3-300x264.png 300w\" sizes=\"auto, (max-width: 500px) 100vw, 500px\" \/><\/figure>\n\n\n\n<h3 class=\"wp-block-heading has-text-align-center\">Rendez-vous pr\u00e9alable (AFI)<\/h3>\n\n\n\n<p class=\"has-text-align-center\">La phase de conduite accompagn\u00e9e d\u00e9bute par un rendez-vous pr\u00e9alable d\u2019une dur\u00e9e minimale de 2h.<\/p>\n\n\n\n<p class=\"has-text-align-center\">Il r\u00e9unit l\u2019\u00e9l\u00e8ve, install\u00e9 au poste de conduite, l\u2019enseignant \u00e0 ses c\u00f4t\u00e9s et l\u2019accompagnateur assis<br>\u00e0 l\u2019arri\u00e8re, afin de r\u00e9aliser le \u00abpassage de relais\u00bb entre l\u2019enseignant de la conduite et l\u2019accompagnateur.<\/p>\n\n\n\n<p class=\"has-text-align-center\">\u00c0 la fin de cette s\u00e9ance, un guide est remis \u00e0 l\u2019accompagnateur, dans lequel il trouvera les informations utiles \u00e0 la formation du futur conducteur.<\/p>\n\n\n\n<hr class=\"wp-block-separator has-text-color has-ast-global-color-4-color has-alpha-channel-opacity has-ast-global-color-4-background-color has-background is-style-wide\"\/>\n\n\n\n<figure class=\"wp-block-image aligncenter size-full is-resized\"><img loading=\"lazy\" decoding=\"async\" width=\"500\" height=\"440\" src=\"https:\/\/autoecole-defontaine.fr\/wp-content\/uploads\/2024\/04\/deroule-AAC-6.png\" alt=\"\" class=\"wp-image-259\" style=\"box-shadow:none;width:126px\" srcset=\"https:\/\/autoecole-defontaine.fr\/wp-content\/uploads\/2024\/04\/deroule-AAC-6.png 500w, https:\/\/autoecole-defontaine.fr\/wp-content\/uploads\/2024\/04\/deroule-AAC-6-300x264.png 300w\" sizes=\"auto, (max-width: 500px) 100vw, 500px\" \/><\/figure>\n\n\n\n<h3 class=\"wp-block-heading has-text-align-center\">P\u00e9riode de conduite accompagn\u00e9e<\/h3>\n\n\n\n<p class=\"has-text-align-center\">La phase de conduite, une \u00e9tape cruciale dans votre formation, s&rsquo;\u00e9tend sur une p\u00e9riode d&rsquo;au moins un an minimum et vous emm\u00e8ne parcourir un minimum de 3 000 kilom\u00e8tres minimum en compagnie d&rsquo;un ou plusieurs accompagnateurs agr\u00e9\u00e9s.<\/p>\n\n\n\n<p class=\"has-text-align-center\">Pendant cette p\u00e9riode, nous nous engageons \u00e0 vous offrir une exp\u00e9rience enrichissante et s\u00e9curis\u00e9e sur la route.<\/p>\n\n\n\n<p class=\"has-text-align-center\">Pour garantir votre progression et votre acquisition des comp\u00e9tences n\u00e9cessaires, nous organisons quatre rendez-vous p\u00e9dagogiques obligatoire <em><mark style=\"background-color:rgba(0, 0, 0, 0)\" class=\"has-inline-color has-ast-global-color-3-color\">(2 en salle, 2 en conduite)<\/mark><\/em><\/p>\n\n\n\n<p class=\"has-text-align-center\">Ces s\u00e9ances sont con\u00e7ues pour vous permettre d&rsquo;approfondir vos connaissances, de perfectionner vos techniques de conduite et de r\u00e9pondre \u00e0 toutes vos questions.<\/p>\n\n\n\n<hr class=\"wp-block-separator has-text-color has-ast-global-color-4-color has-alpha-channel-opacity has-ast-global-color-4-background-color has-background is-style-wide\"\/>\n\n\n\n<figure class=\"wp-block-image aligncenter size-full is-resized\"><img loading=\"lazy\" decoding=\"async\" width=\"500\" height=\"440\" src=\"https:\/\/autoecole-defontaine.fr\/wp-content\/uploads\/2024\/04\/deroule-AAC-9.png\" alt=\"\" class=\"wp-image-254\" style=\"box-shadow:none;width:126px\" srcset=\"https:\/\/autoecole-defontaine.fr\/wp-content\/uploads\/2024\/04\/deroule-AAC-9.png 500w, https:\/\/autoecole-defontaine.fr\/wp-content\/uploads\/2024\/04\/deroule-AAC-9-300x264.png 300w\" sizes=\"auto, (max-width: 500px) 100vw, 500px\" \/><\/figure>\n\n\n\n<h3 class=\"wp-block-heading has-text-align-center\">examen du Permis de conduire<\/h3>\n\n\n\n<p class=\"has-text-align-center\">D\u00e8s l&rsquo;\u00e2ge de 17 ans, vous \u00eates pr\u00eat(e) \u00e0 passer cet examen, apr\u00e8s avoir suivi une formation de conduite accompagn\u00e9e. Cette m\u00e9thode \u00e9prouv\u00e9e conduit \u00e0 un taux de r\u00e9ussite plus \u00e9lev\u00e9 que la formation classique, avec plus 75%  de r\u00e9ussite de nos \u00e9l\u00e8ves obtenant leur permis du premier coup, contre seulement 58% pour la fili\u00e8re traditionnelle.<\/p>\n\n\n\n<p class=\"has-text-align-center\">En optant pour la conduite accompagn\u00e9e, vous b\u00e9n\u00e9ficiez d&rsquo;une r\u00e9duction de 50% sur la surprime de la premi\u00e8re ann\u00e9e d&rsquo;assurance, avec la possibilit\u00e9 de la supprimer enti\u00e8rement d\u00e8s la deuxi\u00e8me ann\u00e9e si vous n&rsquo;avez caus\u00e9 aucun accident. <\/p>\n\n\n\n<p class=\"has-text-align-center\">De plus, la p\u00e9riode probatoire est raccourcie \u00e0 deux ans au lieu de trois pour les conducteurs issus de la formation traditionnelle.<\/p>\n\n\n\n<p class=\"has-text-align-center\">L&rsquo;apprentissage en passant par la conduite accompagn\u00e9e garantit une meilleure s\u00e9curit\u00e9 sur la route, avec quatre fois moins d&rsquo;accidents au cours des premi\u00e8res ann\u00e9es de conduite par rapport aux conducteurs issus de la formation traditionnelle.<\/p>\n","protected":false},"excerpt":{"rendered":"<p>Conduite accompagn\u00e9es (AAC) Tarif formation compl\u00e9te conduite accompagn\u00e9e \u00e0 partir de 1 652\u20ac Payable en plusieurs fois Le\u00e7on d&rsquo;\u00e9valuation: 49\u20acPochette [&hellip;]<\/p>\n","protected":false},"author":1,"featured_media":0,"parent":0,"menu_order":0,"comment_status":"closed","ping_status":"closed","template":"","meta":{"site-sidebar-layout":"default","site-content-layout":"","ast-site-content-layout":"","site-content-style":"default","site-sidebar-style":"default","ast-global-header-display":"","ast-banner-title-visibility":"","ast-main-header-display":"","ast-hfb-above-header-display":"","ast-hfb-below-header-display":"","ast-hfb-mobile-header-display":"","site-post-title":"","ast-breadcrumbs-content":"","ast-featured-img":"","footer-sml-layout":"","theme-transparent-header-meta":"","adv-header-id-meta":"","stick-header-meta":"","header-above-stick-meta":"","header-main-stick-meta":"","header-below-stick-meta":"","astra-migrate-meta-layouts":"default","ast-page-background-enabled":"default","ast-page-background-meta":{"desktop":{"background-color":"var(--ast-global-color-4)","background-image":"","background-repeat":"repeat","background-position":"center center","background-size":"auto","background-attachment":"scroll","background-type":"","background-media":"","overlay-type":"","overlay-color":"","overlay-gradient":""},"tablet":{"background-color":"","background-image":"","background-repeat":"repeat","background-position":"center center","background-size":"auto","background-attachment":"scroll","background-type":"","background-media":"","overlay-type":"","overlay-color":"","overlay-gradient":""},"mobile":{"background-color":"","background-image":"","background-repeat":"repeat","background-position":"center center","background-size":"auto","background-attachment":"scroll","background-type":"","background-media":"","overlay-type":"","overlay-color":"","overlay-gradient":""}},"ast-content-background-meta":{"desktop":{"background-color":"var(--ast-global-color-5)","background-image":"","background-repeat":"repeat","background-position":"center center","background-size":"auto","background-attachment":"scroll","background-type":"","background-media":"","overlay-type":"","overlay-color":"","overlay-gradient":""},"tablet":{"background-color":"var(--ast-global-color-5)","background-image":"","background-repeat":"repeat","background-position":"center center","background-size":"auto","background-attachment":"scroll","background-type":"","background-media":"","overlay-type":"","overlay-color":"","overlay-gradient":""},"mobile":{"background-color":"var(--ast-global-color-5)","background-image":"","background-repeat":"repeat","background-position":"center center","background-size":"auto","background-attachment":"scroll","background-type":"","background-media":"","overlay-type":"","overlay-color":"","overlay-gradient":""}},"iawp_total_views":536,"footnotes":""},"class_list":["post-244","page","type-page","status-publish","hentry"],"yoast_head":"<!-- This site is optimized with the Yoast SEO plugin v23.1 - https:\/\/yoast.com\/wordpress\/plugins\/seo\/ -->\n<title>Conduite accompagn\u00e9es (AAC) - Auto Ecole Defontaine<\/title>\n<meta name=\"robots\" content=\"index, follow, max-snippet:-1, max-image-preview:large, max-video-preview:-1\" \/>\n<link rel=\"canonical\" href=\"https:\/\/autoecole-defontaine.fr\/index.php\/conduite-accompagnees-aac\/\" \/>\n<meta property=\"og:locale\" content=\"fr_FR\" \/>\n<meta property=\"og:type\" content=\"article\" \/>\n<meta property=\"og:title\" content=\"Conduite accompagn\u00e9es (AAC) - Auto Ecole Defontaine\" \/>\n<meta property=\"og:description\" content=\"Conduite accompagn\u00e9es (AAC) Tarif formation compl\u00e9te conduite accompagn\u00e9e \u00e0 partir de 1 652\u20ac Payable en plusieurs fois Le\u00e7on d&rsquo;\u00e9valuation: 49\u20acPochette [&hellip;]\" \/>\n<meta property=\"og:url\" content=\"https:\/\/autoecole-defontaine.fr\/index.php\/conduite-accompagnees-aac\/\" \/>\n<meta property=\"og:site_name\" content=\"Auto Ecole Defontaine\" \/>\n<meta property=\"article:modified_time\" content=\"2025-05-30T06:29:23+00:00\" \/>\n<meta property=\"og:image\" content=\"http:\/\/autoecole-defontaine.fr\/wp-content\/uploads\/2024\/04\/Logo_conduite_accompagnee-Blanc-1.png\" \/>\n<meta name=\"twitter:card\" content=\"summary_large_image\" \/>\n<meta name=\"twitter:label1\" content=\"Dur\u00e9e de lecture estim\u00e9e\" \/>\n\t<meta name=\"twitter:data1\" content=\"4 minutes\" \/>\n<script type=\"application\/ld+json\" class=\"yoast-schema-graph\">{\"@context\":\"https:\/\/schema.org\",\"@graph\":[{\"@type\":\"WebPage\",\"@id\":\"https:\/\/autoecole-defontaine.fr\/index.php\/conduite-accompagnees-aac\/\",\"url\":\"https:\/\/autoecole-defontaine.fr\/index.php\/conduite-accompagnees-aac\/\",\"name\":\"Conduite accompagn\u00e9es (AAC) - Auto Ecole Defontaine\",\"isPartOf\":{\"@id\":\"https:\/\/autoecole-defontaine.fr\/#website\"},\"primaryImageOfPage\":{\"@id\":\"https:\/\/autoecole-defontaine.fr\/index.php\/conduite-accompagnees-aac\/#primaryimage\"},\"image\":{\"@id\":\"https:\/\/autoecole-defontaine.fr\/index.php\/conduite-accompagnees-aac\/#primaryimage\"},\"thumbnailUrl\":\"http:\/\/autoecole-defontaine.fr\/wp-content\/uploads\/2024\/04\/Logo_conduite_accompagnee-Blanc-1.png\",\"datePublished\":\"2024-04-09T10:00:27+00:00\",\"dateModified\":\"2025-05-30T06:29:23+00:00\",\"breadcrumb\":{\"@id\":\"https:\/\/autoecole-defontaine.fr\/index.php\/conduite-accompagnees-aac\/#breadcrumb\"},\"inLanguage\":\"fr-FR\",\"potentialAction\":[{\"@type\":\"ReadAction\",\"target\":[\"https:\/\/autoecole-defontaine.fr\/index.php\/conduite-accompagnees-aac\/\"]}]},{\"@type\":\"ImageObject\",\"inLanguage\":\"fr-FR\",\"@id\":\"https:\/\/autoecole-defontaine.fr\/index.php\/conduite-accompagnees-aac\/#primaryimage\",\"url\":\"https:\/\/autoecole-defontaine.fr\/wp-content\/uploads\/2024\/04\/Logo_conduite_accompagnee-Blanc-1.png\",\"contentUrl\":\"https:\/\/autoecole-defontaine.fr\/wp-content\/uploads\/2024\/04\/Logo_conduite_accompagnee-Blanc-1.png\",\"width\":200,\"height\":200},{\"@type\":\"BreadcrumbList\",\"@id\":\"https:\/\/autoecole-defontaine.fr\/index.php\/conduite-accompagnees-aac\/#breadcrumb\",\"itemListElement\":[{\"@type\":\"ListItem\",\"position\":1,\"name\":\"Accueil\",\"item\":\"https:\/\/autoecole-defontaine.fr\/\"},{\"@type\":\"ListItem\",\"position\":2,\"name\":\"Conduite accompagn\u00e9es (AAC)\"}]},{\"@type\":\"WebSite\",\"@id\":\"https:\/\/autoecole-defontaine.fr\/#website\",\"url\":\"https:\/\/autoecole-defontaine.fr\/\",\"name\":\"Auto Ecole Defontaine\",\"description\":\"Laon 02\",\"publisher\":{\"@id\":\"https:\/\/autoecole-defontaine.fr\/#organization\"},\"potentialAction\":[{\"@type\":\"SearchAction\",\"target\":{\"@type\":\"EntryPoint\",\"urlTemplate\":\"https:\/\/autoecole-defontaine.fr\/?s={search_term_string}\"},\"query-input\":\"required name=search_term_string\"}],\"inLanguage\":\"fr-FR\"},{\"@type\":\"Organization\",\"@id\":\"https:\/\/autoecole-defontaine.fr\/#organization\",\"name\":\"Auto Ecole Defontaine\",\"url\":\"https:\/\/autoecole-defontaine.fr\/\",\"logo\":{\"@type\":\"ImageObject\",\"inLanguage\":\"fr-FR\",\"@id\":\"https:\/\/autoecole-defontaine.fr\/#\/schema\/logo\/image\/\",\"url\":\"https:\/\/autoecole-defontaine.fr\/wp-content\/uploads\/2024\/04\/cropped-Logo-En-Tete-1.png\",\"contentUrl\":\"https:\/\/autoecole-defontaine.fr\/wp-content\/uploads\/2024\/04\/cropped-Logo-En-Tete-1.png\",\"width\":250,\"height\":33,\"caption\":\"Auto Ecole Defontaine\"},\"image\":{\"@id\":\"https:\/\/autoecole-defontaine.fr\/#\/schema\/logo\/image\/\"}}]}<\/script>\n<!-- \/ Yoast SEO plugin. -->","yoast_head_json":{"title":"Conduite accompagn\u00e9es (AAC) - Auto Ecole Defontaine","robots":{"index":"index","follow":"follow","max-snippet":"max-snippet:-1","max-image-preview":"max-image-preview:large","max-video-preview":"max-video-preview:-1"},"canonical":"https:\/\/autoecole-defontaine.fr\/index.php\/conduite-accompagnees-aac\/","og_locale":"fr_FR","og_type":"article","og_title":"Conduite accompagn\u00e9es (AAC) - Auto Ecole Defontaine","og_description":"Conduite accompagn\u00e9es (AAC) Tarif formation compl\u00e9te conduite accompagn\u00e9e \u00e0 partir de 1 652\u20ac Payable en plusieurs fois Le\u00e7on d&rsquo;\u00e9valuation: 49\u20acPochette [&hellip;]","og_url":"https:\/\/autoecole-defontaine.fr\/index.php\/conduite-accompagnees-aac\/","og_site_name":"Auto Ecole Defontaine","article_modified_time":"2025-05-30T06:29:23+00:00","og_image":[{"url":"http:\/\/autoecole-defontaine.fr\/wp-content\/uploads\/2024\/04\/Logo_conduite_accompagnee-Blanc-1.png"}],"twitter_card":"summary_large_image","twitter_misc":{"Dur\u00e9e de lecture estim\u00e9e":"4 minutes"},"schema":{"@context":"https:\/\/schema.org","@graph":[{"@type":"WebPage","@id":"https:\/\/autoecole-defontaine.fr\/index.php\/conduite-accompagnees-aac\/","url":"https:\/\/autoecole-defontaine.fr\/index.php\/conduite-accompagnees-aac\/","name":"Conduite accompagn\u00e9es (AAC) - Auto Ecole Defontaine","isPartOf":{"@id":"https:\/\/autoecole-defontaine.fr\/#website"},"primaryImageOfPage":{"@id":"https:\/\/autoecole-defontaine.fr\/index.php\/conduite-accompagnees-aac\/#primaryimage"},"image":{"@id":"https:\/\/autoecole-defontaine.fr\/index.php\/conduite-accompagnees-aac\/#primaryimage"},"thumbnailUrl":"http:\/\/autoecole-defontaine.fr\/wp-content\/uploads\/2024\/04\/Logo_conduite_accompagnee-Blanc-1.png","datePublished":"2024-04-09T10:00:27+00:00","dateModified":"2025-05-30T06:29:23+00:00","breadcrumb":{"@id":"https:\/\/autoecole-defontaine.fr\/index.php\/conduite-accompagnees-aac\/#breadcrumb"},"inLanguage":"fr-FR","potentialAction":[{"@type":"ReadAction","target":["https:\/\/autoecole-defontaine.fr\/index.php\/conduite-accompagnees-aac\/"]}]},{"@type":"ImageObject","inLanguage":"fr-FR","@id":"https:\/\/autoecole-defontaine.fr\/index.php\/conduite-accompagnees-aac\/#primaryimage","url":"https:\/\/autoecole-defontaine.fr\/wp-content\/uploads\/2024\/04\/Logo_conduite_accompagnee-Blanc-1.png","contentUrl":"https:\/\/autoecole-defontaine.fr\/wp-content\/uploads\/2024\/04\/Logo_conduite_accompagnee-Blanc-1.png","width":200,"height":200},{"@type":"BreadcrumbList","@id":"https:\/\/autoecole-defontaine.fr\/index.php\/conduite-accompagnees-aac\/#breadcrumb","itemListElement":[{"@type":"ListItem","position":1,"name":"Accueil","item":"https:\/\/autoecole-defontaine.fr\/"},{"@type":"ListItem","position":2,"name":"Conduite accompagn\u00e9es (AAC)"}]},{"@type":"WebSite","@id":"https:\/\/autoecole-defontaine.fr\/#website","url":"https:\/\/autoecole-defontaine.fr\/","name":"Auto Ecole Defontaine","description":"Laon 02","publisher":{"@id":"https:\/\/autoecole-defontaine.fr\/#organization"},"potentialAction":[{"@type":"SearchAction","target":{"@type":"EntryPoint","urlTemplate":"https:\/\/autoecole-defontaine.fr\/?s={search_term_string}"},"query-input":"required name=search_term_string"}],"inLanguage":"fr-FR"},{"@type":"Organization","@id":"https:\/\/autoecole-defontaine.fr\/#organization","name":"Auto Ecole Defontaine","url":"https:\/\/autoecole-defontaine.fr\/","logo":{"@type":"ImageObject","inLanguage":"fr-FR","@id":"https:\/\/autoecole-defontaine.fr\/#\/schema\/logo\/image\/","url":"https:\/\/autoecole-defontaine.fr\/wp-content\/uploads\/2024\/04\/cropped-Logo-En-Tete-1.png","contentUrl":"https:\/\/autoecole-defontaine.fr\/wp-content\/uploads\/2024\/04\/cropped-Logo-En-Tete-1.png","width":250,"height":33,"caption":"Auto Ecole Defontaine"},"image":{"@id":"https:\/\/autoecole-defontaine.fr\/#\/schema\/logo\/image\/"}}]}},"_links":{"self":[{"href":"https:\/\/autoecole-defontaine.fr\/index.php\/wp-json\/wp\/v2\/pages\/244","targetHints":{"allow":["GET"]}}],"collection":[{"href":"https:\/\/autoecole-defontaine.fr\/index.php\/wp-json\/wp\/v2\/pages"}],"about":[{"href":"https:\/\/autoecole-defontaine.fr\/index.php\/wp-json\/wp\/v2\/types\/page"}],"author":[{"embeddable":true,"href":"https:\/\/autoecole-defontaine.fr\/index.php\/wp-json\/wp\/v2\/users\/1"}],"replies":[{"embeddable":true,"href":"https:\/\/autoecole-defontaine.fr\/index.php\/wp-json\/wp\/v2\/comments?post=244"}],"version-history":[{"count":45,"href":"https:\/\/autoecole-defontaine.fr\/index.php\/wp-json\/wp\/v2\/pages\/244\/revisions"}],"predecessor-version":[{"id":811,"href":"https:\/\/autoecole-defontaine.fr\/index.php\/wp-json\/wp\/v2\/pages\/244\/revisions\/811"}],"wp:attachment":[{"href":"https:\/\/autoecole-defontaine.fr\/index.php\/wp-json\/wp\/v2\/media?parent=244"}],"curies":[{"name":"wp","href":"https:\/\/api.w.org\/{rel}","templated":true}]}}